4*m + 5. Let d(o) = -2*c(o) - y(o). Let k(u) = u**3 - 52*u**2 - 45*u + 146. Let j be k(53). Let f be 4/6*j/76. Give d(f).
5
Let u(a) = 13*a - 5. Let f = 1506 + -1504. Determine u(f).
21
Let n(o) = 0*o - 2494 - 2865 + 5060 + 59*o. Calculate n(5).
-4
Let m(f) = 24*f - 64. Let l be m(8). Suppose -116 = 6*r - l. Let x(q) = q + 1. What is x(r)?
3
Let n(l) be the third derivative of -81*l**2 + 0 - 1/60*l**5 + 1/6*l**3 - 1/8*l**4 + 0*l. What is n(-5)?
-9
Suppose 5*a - 5*f - 10 = -0*f, 4*a - 2*f - 8 = 0. Let k(z) = 13*z + 267. Let t(r) = -2*r - 54. Let v(u) = -k(u) - 5*t(u). Give v(a).
-3
Let m be (-8)/6 + 2100/1575. Let b(l) = -1 - 8 - 4*l + 3*l. Determine b(m).
-9
Let m(f) = f + 53. Let y(k) = -42. Let l(v) = -3*m(v) - 4*y(v). Calculate l(5).
-6
Let k(p) = 2*p - 9 - 6553*p**2 - 6562*p**2 + 13114*p**2. Give k(-6).
-57
Let i(n) = -2*n + 6. Let v(o) = -o**3 - o**2 - 2*o + 29. Let u(k) = -4*i(k) + v(k). Determine u(-2).
-3
Let r(j) = j**3 - j + 1. Let k = 2580 - 2576. Determine r(k).
61
Let z(f) = 6*f + 243. Let k = -9814 - -9774. Give z(k).
3
Let i(b) = b - 2. Let h be 2 - ((-2)/6)/((-1)/(-3)). Suppose -h*g + 11 = q, -q - 2*g = 3*q - 44. Let z = q - 13. Calculate i(z).
-4
Let l(z) = -74*z - 568. Let c(x) = 15*x + 115. Let u(m) = -14*c(m) - 3*l(m). Calculate u(-7).
10
Suppose 7 = o + 5. Let p(a) be the first derivative of 12 + 3*a**o - 5 - 6 - a**2 - a. What is p(1)?
3
Let i(h) = -18*h + 2. Let g(y) = -94*y + 177. Let m(q) = g(q) - 3*i(q). Determine m(4).
11
Let h(q) be the first derivative of -q - 27 - 1/2*q**2. Give h(-2).
1
Suppose 27*x = 32*x - 185. Suppose 19 = -28*i - x. Let b(h) = -3*h + 4*h**2 + 1 + 0 + 6*h. What is b(i)?
11
Let r be (11 + -7)/(1*-2) - -4. Let w(q) = -7*q**2 - 3 + 13*q**2 + q - 24*q**3 + 25*q**3 - 9*q**r. Calculate w(3).
0
Let o(v) = -9*v - 73. Let l(t) = -17*t - 142. Let q(u) = -3*l(u) + 5*o(u). Let w be q(-11). Let k(b) = 2*b - 3*b + 0*b. Give k(w).
5
Let v(x) = x**3 + 9*x**2 - 2*x - 1. Let s(i) = -3*i**2 - 254*i + 335. Let y be s(-86). Give v(y).
17
Let t(r) = -r + 2. Let d = 91 + -79. Let y be (-32)/80 - d/(-5). Suppose -y = z + 2*a, -5*z - 2*a - a - 10 = 0. What is t(z)?
4
Let z(b) be the third derivative of -1/3*b**4 + 0*b + 1/60*b**5 + 0*b**3 - 11 - 3*b**2. Let x(a) = 3*a - 1. Let k be x(3). What is z(k)?
0
Let l(n) = -141*n + 64*n + 63*n - 19. Determine l(-8).
93
Let g = -2 + 1. Let o be ((-4)/(-10))/(15/(-1350)*-6). Let n(k) = -39*k + 7. Let h(u) = 3*u - 1. Let d(y) = o*h(y) + n(y). Determine d(g).
22
Let o be 471/18 + (-4)/24. Let t(d) = 13*d - o*d + 14*d - 3. Determine t(10).
7
Let m(g) = -g**2 + 2*g. Let f(q) be the first derivative of -5*q**3/3 + 11*q**2/2 + q - 105. Let c(i) = 2*f(i) - 11*m(i). Give c(2).
6
Let x(y) = -43*y**2 + 19*y + 7. Let z(m) = -30*m**2 + 10*m + 7. Let f(b) = 2*x(b) - 3*z(b). Calculate f(-3).
5
Let h(q) = q**2 + 12*q + 5. Let s = -482 + 902. Let y be 4/(-14) + (-4920)/s. Determine h(y).
5
Let s(d) = -504*d**2 + 4*d - 506*d**2 + 3 + 1011*d**2. Let q = -7 + 10. Let a = 0 - q. Give s(a).
0
Let r(y) be the second derivative of -y**5/60 - y**4/12 - 5*y**3/6 + 93*y**2/2 - 42*y. Let n(w) be the first derivative of r(w). What is n(0)?
-5
Let v(f) be the second derivative of f**5/10 - f**4 + f**3/3 - 5*f**2/2 + f + 122. What is v(6)?
7
Let q(c) = -4*c**2 - 7*c - 12. Let x(l) = -l + 1. Let p(r) = -3*r**2 - 12*r - 4. Let i(f) = p(f) - 6*x(f). Let z(b) = -6*i(b) + 5*q(b). Determine z(-1).
-3
Let r(v) = -v**3 - 6*v**2 - 3*v - 2. Suppose -132*t = -128*t - j + 16, 4*t + 2*j + 40 = 0. Give r(t).
16
Let a(q) = -2*q + 28. Let g be a(13). Suppose -g*v + 6*v - v = 0. Let u be -1 + (v - -7) + -3. Let t(h) = -h + 7. What is t(u)?
4
Let n(f) = 12*f - 6. Let m be 1*((-390)/(-546) + (-4)/(-14)). Give n(m).
6
Let u(y) = 174 - 25*y + 15*y**2 + 10*y - 352 + 182 - y**3. Determine u(13).
147
Let m(f) be the third derivative of -f**4/8 - 5*f**3/3 - 4*f**2. Let o be m(-5). Let g(p) = 3*p - p**3 - 6 - 4*p**2 + 7 + 1 + 9*p**2. Give g(o).
17
Let i(b) = -b**2 - 3*b. Suppose -3*d = -d, a = -5*d + 27. Suppose a = -83*c + 74*c. Calculate i(c).
0
Suppose 1628 = -14*q - 3048. Let b = -327 - q. Let o(w) be the second derivative of -w**5/20 + 2*w**4/3 - 7*w**3/6 - 5*w**2/2 + w. Calculate o(b).
-5
Let q(l) be the first derivative of -9*l - 8*l**2 - 1/4*l**4 - 294 - 16/3*l**3. Give q(-15).
6
Let q(v) = -935510*v - 6*v**2 + v**3 - 2*v**2 + 935515*v + 5 + 3*v**2. What is q(6)?
71
Suppose 2*k - 2 - 8 = 0. Let f(s) = 8*s - 18*s + 6*s - 23 + 8*s. Let g be f(k). Let h(n) = n**3 + 3*n**2 - n + 4. Determine h(g).
7
Let k(s) be the third derivative of 1/5*s**5 + 42*s + 0 - 13/6*s**3 + 5/8*s**4 - s**2 - 1/120*s**6. Give k(13).
13
Let u(m) = -m**2 - 41*m - 22. Let g be u(-12). Let y = 327 - g. Let b(p) = -22*p**3 - 1. Calculate b(y).
-23
Let f(g) = 3*g - 2*g - 70 - 20 + 71. Calculate f(28).
9
Let s(g) = -3*g + 4 + 2*g**2 - 8*g**2 + 7*g**2. What is s(3)?
4
Let w(j) be the first derivative of j**4/4 + j - 9259. Let h = 0 + 0. What is w(h)?
1
Suppose -2*g + 2 = -g. Let m be 2/(1/((-45)/(-10))). Let u(f) = m*f - 6 + f**g + 0*f**2 + 3 - 2*f**2. Calculate u(7).
11
Let c(w) be the second derivative of w**3/2 + 15*w**2/2 + 3399*w. What is c(-3)?
6
Let b(l) be the second derivative of l**5/10 + l**4 - 13*l**3/6 - l**2/2 + 247*l. What is b(-7)?
-8
Let h(d) = -3*d + 2. Let u(t) = 10*t + 183. Let n(y) = 4*y + 61. Let p(g) = -11*n(g) + 4*u(g). Let w be p(14). Calculate h(w).
-13
Let n(w) be the second derivative of -1/3*w**4 - 1/2*w**2 - 1/2*w**3 + 2 - 1/20*w**5 - 12*w. Let x be (-48)/30 + (-4)/10. Give n(x).
-3
Let w be (-142)/(-18) + -10 + ((-273)/(-27) - 0). Let o(z) = -6*z + 33. Give o(w).
-15
Let y(q) = -q**3 - 10*q**2 - 14*q + 12. Suppose 56*d - 18 = 53*d, -4*i + 2*d - 44 = 0. Calculate y(i).
-4
Let g(d) = -248036 + 4*d**2 + 496084 - 248041 - 37*d. Calculate g(9).
-2
Let y(q) be the first derivative of -q**4/4 + 14*q**3/3 - 11*q**2/2 - 27*q - 6731. Determine y(13).
-1
Let u(s) = 78*s**3 + s**2. Let o(j) = -35*j - 1331. Let b be o(-38). Determine u(b).
-77
Let i(g) be the first derivative of 25*g**4/12 - g**3/3 + g**2/2 - 31*g - 103. Let h(s) be the first derivative of i(s). Give h(1).
24
Let s(l) = -16*l**2 + 4*l - 6. Let v(o) = -20*o**2 + 4*o - 7. Let k(t) = -4*s(t) + 3*v(t). What is k(2)?
11
Let m(o) be the third derivative of -o**5/60 + o**4/2 - 13*o**3/6 - 107*o**2 - 2. Give m(9).
14
Let y be 4/1 - 10/10. Let x(i) = -i**3 - 8*i**y + 2*i + 10*i**3 - 5*i**2 - i + 3. Let k be (-6)/9 - (-11)/3. Determine x(k).
-12
Let o(f) = f**2 + 35*f - 111. Suppose 35*r - 200*r - 15656 = 247*r. Calculate o(r).
3
Suppose 13*z + 2*z - 15 = 0. Let q(s) = z - 47*s + 0 - 1 + 50*s + 4. What is q(8)?
28
Let m(u) = 2 - 20 + 5 + u - 2*u**2 + 14. Let n be ((-4 - -1) + 248/56)*7. Let b be (-1)/(3 - n/5). Calculate m(b).
-2
Let k(q) = 5*q + 30. Let g(f) = 4*f + 25. Let u(b) = 6*g(b) - 5*k(b). Let x(l) = -7*l - 16. Let n(j) = -6*u(j) + x(j). Give n(-8).
-8
Let x(w) = 71*w + 12*w - 33 - w**3 - 15*w**2 + 2*w**3 - 67*w. Determine x(14).
-5
Let u(z) = -z**3 - 14*z**2 - 13*z - 17. Let f be 55/(-20) + (-574)/56. Give u(f).
-17
Suppose -157 = -57*y + 2294. Suppose -y*z + 5 = -38*z. Let j(g) = -16*g. Give j(z).
-16
Let l be 2*((-90)/260 - (-4)/(-26)). Let d(a) = 2. Let h(b) = 2*b - 5. Let p(k) = l*h(k) - 5*d(k). Calculate p(-12).
19
Let j(a) = 2*a**2 + 17*a + 17. Let o be (-2)/3*(-2373)/(-226). What is j(o)?
-4
Let v(j) be the first derivative of -7*j**2 - 216*j - 10462. What is v(-16)?
8
Let u(v) = v**2 + 8*v + 7. Suppose 0 = 6*l + 3*l - 18. Suppose -i = -l*i + 56. Suppose i = r - 9*r. What is u(r)?
0
Suppose 18*z = -172 + 1180. Suppose 12*o - 5*o = -z. Let x(d) = 4*d + 4. Calculate x(o).
-28
Let d be ((-2)/(-24) + 2/(-6))*4*-8. Let o(l) = -3*l - 23. Determine o(d).
-47
Let u(o) = -137 + 78 + 60 - 19*o - 59*o. Determine u(-1).
79
Let t(a) = 3*a**2 - 14*a + 5. Let x be t(-6). Suppose 1 - x = 14*j. Let u(v) = v**3 + 15*v**2 + 13*v - 8. What is u(j)?
6
Let s(z) be the second derivative of z**5/40 - z**4/8 + 49*z**3/6 - 2*z - 20. Let w(r) be the second derivative of s(r). Give w(3).
6
Let a(h) be the third derivative of -h**4/4 + 5*h**3/3 - h**2. Let m(t) = t**3 - 105*t**2 - 2084*t + 1227. Let r be m(122). Calculate a(r).
-32
Let r = -2 + 6. Let o(w) = -3*w**2 + 7*w - 24. Let s(d) = -2*d